{"id":7625,"date":"2024-10-16T12:32:43","date_gmt":"2024-10-16T11:32:43","guid":{"rendered":"https:\/\/saborealapalma.es\/?page_id=7625"},"modified":"2024-10-16T12:36:12","modified_gmt":"2024-10-16T11:36:12","slug":"gracias-por-su-solicitud-de-lista-de-espera","status":"publish","type":"page","link":"https:\/\/saborealapalma.es\/en\/inscripcion-a-ferias\/gracias-por-su-solicitud-de-lista-de-espera\/","title":{"rendered":"Thank you for your request for a waiting list"},"content":{"rendered":"<div data-elementor-type=\"wp-page\" data-elementor-id=\"7625\" class=\"elementor elementor-7625\" data-elementor-post-type=\"page\">\n\t\t\t\t\t\t<section data-particle_enable=\"false\" data-particle-mobile-disabled=\"false\" class=\"elementor-section elementor-top-section elementor-element elementor-element-7c2d0d6 elementor-section-boxed elementor-section-height-default elementor-section-height-default parallax_section_no qode_elementor_container_no\" data-id=\"7c2d0d6\" data-element_type=\"section\" data-e-type=\"section\">\n\t\t\t\t\t\t<div class=\"elementor-container elementor-column-gap-default\">\n\t\t\t\t\t<div class=\"elementor-column elementor-col-100 elementor-top-column elementor-element elementor-element-42e78c5\" data-id=\"42e78c5\" data-element_type=\"column\" data-e-type=\"column\">\n\t\t\t<div class=\"elementor-widget-wrap elementor-element-populated\">\n\t\t\t\t\t\t<div class=\"elementor-element elementor-element-885a356 elementor-widget elementor-widget-heading\" data-id=\"885a356\" data-element_type=\"widget\" data-e-type=\"widget\" data-widget_type=\"heading.default\">\n\t\t\t\t<div class=\"elementor-widget-container\">\n\t\t\t\t\t<h2 class=\"elementor-heading-title elementor-size-default\">Registration for fairs<\/h2>\t\t\t\t<\/div>\n\t\t\t\t<\/div>\n\t\t\t\t\t<\/div>\n\t\t<\/div>\n\t\t\t\t\t<\/div>\n\t\t<\/section>\n\t\t\t\t<section data-particle_enable=\"false\" data-particle-mobile-disabled=\"false\" class=\"elementor-section elementor-top-section elementor-element elementor-element-2b6b2eb elementor-section-boxed elementor-section-height-default elementor-section-height-default parallax_section_no qode_elementor_container_no\" data-id=\"2b6b2eb\" data-element_type=\"section\" data-e-type=\"section\">\n\t\t\t\t\t\t<div class=\"elementor-container elementor-column-gap-default\">\n\t\t\t\t\t<div class=\"elementor-column elementor-col-100 elementor-top-column elementor-element elementor-element-5f52afd\" data-id=\"5f52afd\" data-element_type=\"column\" data-e-type=\"column\">\n\t\t\t<div class=\"elementor-widget-wrap elementor-element-populated\">\n\t\t\t\t\t\t<div data-dce-advanced-background-color=\"#F0F0F0\" class=\"elementor-element elementor-element-a62281d elementor-widget elementor-widget-heading\" data-id=\"a62281d\" data-element_type=\"widget\" data-e-type=\"widget\" data-widget_type=\"heading.default\">\n\t\t\t\t<div class=\"elementor-widget-container\">\n\t\t\t\t\t<h3 class=\"elementor-heading-title elementor-size-default\">Thank you very much for your request for a waiting list.<br \/><br \/>\nIn the event of any cancellations among participants already registered, we will review all applications on the waiting list. If a place becomes available, we will contact you.\n<\/h3>\t\t\t\t<\/div>\n\t\t\t\t<\/div>\n\t\t\t\t\t<\/div>\n\t\t<\/div>\n\t\t\t\t\t<\/div>\n\t\t<\/section>\n\t\t\t\t<\/div>","protected":false},"excerpt":{"rendered":"<p>Registration for fairs Thank you for your application for the waiting list. In case of any cancellations among the already registered participants, we will review all waiting list applications. If a place becomes available, you will be contacted.<\/p>","protected":false},"author":4,"featured_media":0,"parent":6348,"menu_order":0,"comment_status":"closed","ping_status":"closed","template":"","meta":{"footnotes":""},"class_list":["post-7625","page","type-page","status-publish","hentry"],"yoast_head":"<!-- This site is optimized with the Yoast SEO plugin v27.5 - https:\/\/yoast.com\/product\/yoast-seo-wordpress\/ -->\n<title>Gracias por su solicitud de lista de espera - Saborea La Palma<\/title>\n<meta name=\"robots\" content=\"index, follow, max-snippet:-1, max-image-preview:large, max-video-preview:-1\" \/>\n<link rel=\"canonical\" href=\"https:\/\/saborealapalma.es\/en\/inscripcion-a-ferias\/gracias-por-su-solicitud-de-lista-de-espera\/\" \/>\n<meta property=\"og:locale\" content=\"en_GB\" \/>\n<meta property=\"og:type\" content=\"article\" \/>\n<meta property=\"og:title\" content=\"Gracias por su solicitud de lista de espera - Saborea La Palma\" \/>\n<meta property=\"og:description\" content=\"Inscripci\u00f3n a ferias Muchas gracias por su solicitud de lista de espera. En caso de que se produzca alguna cancelaci\u00f3n entre los participantes ya inscritos, revisaremos todas las solicitudes en lista de espera. Si surge una plaza disponible, nos pondremos en contacto con usted.\" \/>\n<meta property=\"og:url\" content=\"https:\/\/saborealapalma.es\/en\/inscripcion-a-ferias\/gracias-por-su-solicitud-de-lista-de-espera\/\" \/>\n<meta property=\"og:site_name\" content=\"Saborea La Palma\" \/>\n<meta property=\"article:modified_time\" content=\"2024-10-16T11:36:12+00:00\" \/>\n<meta name=\"twitter:card\" content=\"summary_large_image\" \/>\n<meta name=\"twitter:label1\" content=\"Estimated reading time\" \/>\n\t<meta name=\"twitter:data1\" content=\"1 minute\" \/>\n<script type=\"application\/ld+json\" class=\"yoast-schema-graph\">{\"@context\":\"https:\\\/\\\/schema.org\",\"@graph\":[{\"@type\":\"WebPage\",\"@id\":\"https:\\\/\\\/saborealapalma.es\\\/inscripcion-a-ferias\\\/gracias-por-su-solicitud-de-lista-de-espera\\\/\",\"url\":\"https:\\\/\\\/saborealapalma.es\\\/inscripcion-a-ferias\\\/gracias-por-su-solicitud-de-lista-de-espera\\\/\",\"name\":\"Gracias por su solicitud de lista de espera - Saborea La Palma\",\"isPartOf\":{\"@id\":\"https:\\\/\\\/saborealapalma.es\\\/#website\"},\"datePublished\":\"2024-10-16T11:32:43+00:00\",\"dateModified\":\"2024-10-16T11:36:12+00:00\",\"breadcrumb\":{\"@id\":\"https:\\\/\\\/saborealapalma.es\\\/inscripcion-a-ferias\\\/gracias-por-su-solicitud-de-lista-de-espera\\\/#breadcrumb\"},\"inLanguage\":\"en-GB\",\"potentialAction\":[{\"@type\":\"ReadAction\",\"target\":[\"https:\\\/\\\/saborealapalma.es\\\/inscripcion-a-ferias\\\/gracias-por-su-solicitud-de-lista-de-espera\\\/\"]}]},{\"@type\":\"BreadcrumbList\",\"@id\":\"https:\\\/\\\/saborealapalma.es\\\/inscripcion-a-ferias\\\/gracias-por-su-solicitud-de-lista-de-espera\\\/#breadcrumb\",\"itemListElement\":[{\"@type\":\"ListItem\",\"position\":1,\"name\":\"Portada\",\"item\":\"https:\\\/\\\/saborealapalma.es\\\/\"},{\"@type\":\"ListItem\",\"position\":2,\"name\":\"Inscripci\u00f3n a ferias\",\"item\":\"https:\\\/\\\/saborealapalma.es\\\/inscripcion-a-ferias\\\/\"},{\"@type\":\"ListItem\",\"position\":3,\"name\":\"Gracias por su solicitud de lista de espera\"}]},{\"@type\":\"WebSite\",\"@id\":\"https:\\\/\\\/saborealapalma.es\\\/#website\",\"url\":\"https:\\\/\\\/saborealapalma.es\\\/\",\"name\":\"Saborea La Palma\",\"description\":\"Saborea La Palma es el proyecto que lidera la Sociedad de Promoci\u00f3n Econ\u00f3mica de La Palma (SODEPAL S.A.U.M.P), empresa p\u00fablica dependiente de Cabildo Insular de La Palma, para la revalorizaci\u00f3n y el posicionamiento de la gastronom\u00eda palmera en los mercados regionales, nacionales e internacionales.\",\"potentialAction\":[{\"@type\":\"SearchAction\",\"target\":{\"@type\":\"EntryPoint\",\"urlTemplate\":\"https:\\\/\\\/saborealapalma.es\\\/?s={search_term_string}\"},\"query-input\":{\"@type\":\"PropertyValueSpecification\",\"valueRequired\":true,\"valueName\":\"search_term_string\"}}],\"inLanguage\":\"en-GB\"}]}<\/script>\n<!-- \/ Yoast SEO plugin. -->","yoast_head_json":{"title":"Gracias por su solicitud de lista de espera - Saborea La Palma","robots":{"index":"index","follow":"follow","max-snippet":"max-snippet:-1","max-image-preview":"max-image-preview:large","max-video-preview":"max-video-preview:-1"},"canonical":"https:\/\/saborealapalma.es\/en\/inscripcion-a-ferias\/gracias-por-su-solicitud-de-lista-de-espera\/","og_locale":"en_GB","og_type":"article","og_title":"Gracias por su solicitud de lista de espera - Saborea La Palma","og_description":"Inscripci\u00f3n a ferias Muchas gracias por su solicitud de lista de espera. En caso de que se produzca alguna cancelaci\u00f3n entre los participantes ya inscritos, revisaremos todas las solicitudes en lista de espera. Si surge una plaza disponible, nos pondremos en contacto con usted.","og_url":"https:\/\/saborealapalma.es\/en\/inscripcion-a-ferias\/gracias-por-su-solicitud-de-lista-de-espera\/","og_site_name":"Saborea La Palma","article_modified_time":"2024-10-16T11:36:12+00:00","twitter_card":"summary_large_image","twitter_misc":{"Estimated reading time":"1 minute"},"schema":{"@context":"https:\/\/schema.org","@graph":[{"@type":"WebPage","@id":"https:\/\/saborealapalma.es\/inscripcion-a-ferias\/gracias-por-su-solicitud-de-lista-de-espera\/","url":"https:\/\/saborealapalma.es\/inscripcion-a-ferias\/gracias-por-su-solicitud-de-lista-de-espera\/","name":"Gracias por su solicitud de lista de espera - Saborea La Palma","isPartOf":{"@id":"https:\/\/saborealapalma.es\/#website"},"datePublished":"2024-10-16T11:32:43+00:00","dateModified":"2024-10-16T11:36:12+00:00","breadcrumb":{"@id":"https:\/\/saborealapalma.es\/inscripcion-a-ferias\/gracias-por-su-solicitud-de-lista-de-espera\/#breadcrumb"},"inLanguage":"en-GB","potentialAction":[{"@type":"ReadAction","target":["https:\/\/saborealapalma.es\/inscripcion-a-ferias\/gracias-por-su-solicitud-de-lista-de-espera\/"]}]},{"@type":"BreadcrumbList","@id":"https:\/\/saborealapalma.es\/inscripcion-a-ferias\/gracias-por-su-solicitud-de-lista-de-espera\/#breadcrumb","itemListElement":[{"@type":"ListItem","position":1,"name":"Portada","item":"https:\/\/saborealapalma.es\/"},{"@type":"ListItem","position":2,"name":"Inscripci\u00f3n a ferias","item":"https:\/\/saborealapalma.es\/inscripcion-a-ferias\/"},{"@type":"ListItem","position":3,"name":"Gracias por su solicitud de lista de espera"}]},{"@type":"WebSite","@id":"https:\/\/saborealapalma.es\/#website","url":"https:\/\/saborealapalma.es\/","name":"Taste La Palma","description":"Saborea La Palma is the project led by the Sociedad de Promoci\u00f3n Econ\u00f3mica de La Palma (SODEPAL S.A.U.M.P), a public company dependent on the Cabildo Insular de La Palma, for the revaluation and positioning of La Palma's gastronomy in regional, national and international markets.","potentialAction":[{"@type":"SearchAction","target":{"@type":"EntryPoint","urlTemplate":"https:\/\/saborealapalma.es\/?s={search_term_string}"},"query-input":{"@type":"PropertyValueSpecification","valueRequired":true,"valueName":"search_term_string"}}],"inLanguage":"en-GB"}]}},"_links":{"self":[{"href":"https:\/\/saborealapalma.es\/en\/wp-json\/wp\/v2\/pages\/7625","targetHints":{"allow":["GET"]}}],"collection":[{"href":"https:\/\/saborealapalma.es\/en\/wp-json\/wp\/v2\/pages"}],"about":[{"href":"https:\/\/saborealapalma.es\/en\/wp-json\/wp\/v2\/types\/page"}],"author":[{"embeddable":true,"href":"https:\/\/saborealapalma.es\/en\/wp-json\/wp\/v2\/users\/4"}],"replies":[{"embeddable":true,"href":"https:\/\/saborealapalma.es\/en\/wp-json\/wp\/v2\/comments?post=7625"}],"version-history":[{"count":4,"href":"https:\/\/saborealapalma.es\/en\/wp-json\/wp\/v2\/pages\/7625\/revisions"}],"predecessor-version":[{"id":7629,"href":"https:\/\/saborealapalma.es\/en\/wp-json\/wp\/v2\/pages\/7625\/revisions\/7629"}],"up":[{"embeddable":true,"href":"https:\/\/saborealapalma.es\/en\/wp-json\/wp\/v2\/pages\/6348"}],"wp:attachment":[{"href":"https:\/\/saborealapalma.es\/en\/wp-json\/wp\/v2\/media?parent=7625"}],"curies":[{"name":"wp","href":"https:\/\/api.w.org\/{rel}","templated":true}]}}

<!-- This site is optimized with the Yoast SEO plugin v27.5 - https://yoast.com/product/yoast-seo-wordpress/ -->
<title>Gracias por su solicitud de lista de espera - Saborea La Palma</title>
<meta name="robots" content="index, follow, max-snippet:-1, max-image-preview:large, max-video-preview:-1" />
<link rel="canonical" href="https://saborealapalma.es/en/inscripcion-a-ferias/gracias-por-su-solicitud-de-lista-de-espera/" />
<meta property="og:locale" content="en_GB" />
<meta property="og:type" content="article" />
<meta property="og:title" content="Gracias por su solicitud de lista de espera - Saborea La Palma" />
<meta property="og:description" content="Inscripción a ferias Muchas gracias por su solicitud de lista de espera. En caso de que se produzca alguna cancelación entre los participantes ya inscritos, revisaremos todas las solicitudes en lista de espera. Si surge una plaza disponible, nos pondremos en contacto con usted." />
<meta property="og:url" content="https://saborealapalma.es/en/inscripcion-a-ferias/gracias-por-su-solicitud-de-lista-de-espera/" />
<meta property="og:site_name" content="Saborea La Palma" />
<meta property="article:modified_time" content="2024-10-16T11:36:12+00:00" />
<meta name="twitter:card" content="summary_large_image" />
<meta name="twitter:label1" content="Estimated reading time" />
	<meta name="twitter:data1" content="1 minute" />
<script type="application/ld+json" class="yoast-schema-graph">{"@context":"https:\/\/schema.org","@graph":[{"@type":"WebPage","@id":"https:\/\/saborealapalma.es\/inscripcion-a-ferias\/gracias-por-su-solicitud-de-lista-de-espera\/","url":"https:\/\/saborealapalma.es\/inscripcion-a-ferias\/gracias-por-su-solicitud-de-lista-de-espera\/","name":"Gracias por su solicitud de lista de espera - Saborea La Palma","isPartOf":{"@id":"https:\/\/saborealapalma.es\/#website"},"datePublished":"2024-10-16T11:32:43+00:00","dateModified":"2024-10-16T11:36:12+00:00","breadcrumb":{"@id":"https:\/\/saborealapalma.es\/inscripcion-a-ferias\/gracias-por-su-solicitud-de-lista-de-espera\/#breadcrumb"},"inLanguage":"en-GB","potentialAction":[{"@type":"ReadAction","target":["https:\/\/saborealapalma.es\/inscripcion-a-ferias\/gracias-por-su-solicitud-de-lista-de-espera\/"]}]},{"@type":"BreadcrumbList","@id":"https:\/\/saborealapalma.es\/inscripcion-a-ferias\/gracias-por-su-solicitud-de-lista-de-espera\/#breadcrumb","itemListElement":[{"@type":"ListItem","position":1,"name":"Portada","item":"https:\/\/saborealapalma.es\/"},{"@type":"ListItem","position":2,"name":"Inscripción a ferias","item":"https:\/\/saborealapalma.es\/inscripcion-a-ferias\/"},{"@type":"ListItem","position":3,"name":"Gracias por su solicitud de lista de espera"}]},{"@type":"WebSite","@id":"https:\/\/saborealapalma.es\/#website","url":"https:\/\/saborealapalma.es\/","name":"Saborea La Palma","description":"Saborea La Palma es el proyecto que lidera la Sociedad de Promoción Económica de La Palma (SODEPAL S.A.U.M.P), empresa pública dependiente de Cabildo Insular de La Palma, para la revalorización y el posicionamiento de la gastronomía palmera en los mercados regionales, nacionales e internacionales.","potentialAction":[{"@type":"SearchAction","target":{"@type":"EntryPoint","urlTemplate":"https:\/\/saborealapalma.es\/?s={search_term_string}"},"query-input":{"@type":"PropertyValueSpecification","valueRequired":true,"valueName":"search_term_string"}}],"inLanguage":"en-GB"}]}</script>
<!-- / Yoast SEO plugin. -->

Inscripción a ferias Muchas gracias por su solicitud de lista de espera. En caso de que se produzca alguna cancelación entre los participantes ya inscritos, revisaremos todas las solicitudes en lista de espera. Si surge una plaza disponible, nos pondremos en contacto con usted.

Inscripción a ferias

Saborea La Palma is the project led by the Sociedad de Promoción Económica de La Palma (SODEPAL S.A.U.M.P), a public company dependent on the Cabildo Insular de La Palma, for the revaluation and positioning of La Palma's gastronomy in regional, national and international markets.
