{"version":"1.0","provider_name":"Assaggia La Palma","provider_url":"https:\/\/saborealapalma.es\/it","title":"Navartur 2024 - Saborea La Palma","type":"rich","width":600,"height":338,"html":"<blockquote class=\"wp-embedded-content\" data-secret=\"N6zdHQV2Gm\"><a href=\"https:\/\/saborealapalma.es\/it\/ferias-en-las-que-hemos-estado\/navartur-2024\/\">Navartur 2024<\/a><\/blockquote><iframe sandbox=\"allow-scripts\" security=\"restricted\" src=\"https:\/\/saborealapalma.es\/it\/ferias-en-las-que-hemos-estado\/navartur-2024\/embed\/#?secret=N6zdHQV2Gm\" width=\"600\" height=\"338\" title=\"&#8220;Navartur 2024&#8221; &#8212; Saborea La Palma\" data-secret=\"N6zdHQV2Gm\" frameborder=\"0\" marginwidth=\"0\" marginheight=\"0\" scrolling=\"no\" class=\"wp-embedded-content\"><\/iframe><script type=\"text\/javascript\">\n\/* <![CDATA[ *\/\n\/*! This file is auto-generated *\/\n!function(d,l){\"use strict\";l.querySelector&&d.addEventListener&&\"undefined\"!=typeof URL&&(d.wp=d.wp||{},d.wp.receiveEmbedMessage||(d.wp.receiveEmbedMessage=function(e){var t=e.data;if((t||t.secret||t.message||t.value)&&!\/[^a-zA-Z0-9]\/.test(t.secret)){for(var s,r,n,a=l.querySelectorAll('iframe[data-secret=\"'+t.secret+'\"]'),o=l.querySelectorAll('blockquote[data-secret=\"'+t.secret+'\"]'),c=new RegExp(\"^https?:$\",\"i\"),i=0;i<o.length;i++)o[i].style.display=\"none\";for(i=0;i<a.length;i++)s=a[i],e.source===s.contentWindow&&(s.removeAttribute(\"style\"),\"height\"===t.message?(1e3<(r=parseInt(t.value,10))?r=1e3:~~r<200&&(r=200),s.height=r):\"link\"===t.message&&(r=new URL(s.getAttribute(\"src\")),n=new URL(t.value),c.test(n.protocol))&&n.host===r.host&&l.activeElement===s&&(d.top.location.href=t.value))}},d.addEventListener(\"message\",d.wp.receiveEmbedMessage,!1),l.addEventListener(\"DOMContentLoaded\",function(){for(var e,t,s=l.querySelectorAll(\"iframe.wp-embedded-content\"),r=0;r<s.length;r++)(t=(e=s[r]).getAttribute(\"data-secret\"))||(t=Math.random().toString(36).substring(2,12),e.src+=\"#?secret=\"+t,e.setAttribute(\"data-secret\",t)),e.contentWindow.postMessage({message:\"ready\",secret:t},\"*\")},!1)))}(window,document);\n\/\/# sourceURL=https:\/\/saborealapalma.es\/wp-includes\/js\/wp-embed.min.js\n\/* ]]> *\/\n<\/script>","description":"Introducci\u00f3n Saborea La Palma estar\u00e1 presente del 23 al 25 de febrero en NAVARTUR, feria tur\u00edstica que se celebra en Pamplona. Adem\u00e1s de promocionar los productos m\u00e1s representativos de nuestra isla, Sodepal apuesta por mostrar la cocina palmera, una mezcla de fusi\u00f3n y tradici\u00f3n, a trav\u00e9s del cocinero C\u00e9sar P\u00e9rez,...","thumbnail_url":"https:\/\/saborealapalma.es\/wp-content\/uploads\/2024\/02\/navartur1-1024x204.jpg"}

Introducción Saborea La Palma estará presente del 23 al 25 de febrero en NAVARTUR, feria turística que se celebra en Pamplona. Además de promocionar los productos más representativos de nuestra isla, Sodepal apuesta por mostrar la cocina palmera, una mezcla de fusión y tradición, a través del cocinero César Pérez,...
